{"id":14,"date":"2025-11-11T21:25:03","date_gmt":"2025-11-11T21:25:03","guid":{"rendered":"https:\/\/hathorisisdistributor.com\/mariaisabelmartinezspeaker\/?page_id=14"},"modified":"2026-03-16T14:23:20","modified_gmt":"2026-03-16T14:23:20","slug":"conferencias","status":"publish","type":"page","link":"https:\/\/hathorisisdistributor.com\/mariaisabelmartinezspeaker\/conferencias\/","title":{"rendered":"Conferencias"},"content":{"rendered":"\t\t<div data-elementor-type=\"wp-page\" data-elementor-id=\"14\" class=\"elementor elementor-14\" data-elementor-post-type=\"page\">\n\t\t\t\t<div class=\"elementor-element elementor-element-132a1c3 e-flex e-con-boxed e-con e-parent\" data-id=\"132a1c3\" data-element_type=\"container\" data-e-type=\"container\" data-settings=\"{&quot;background_background&quot;:&quot;classic&quot;}\">\n\t\t\t\t\t<div class=\"e-con-inner\">\n\t\t\t\t<div class=\"elementor-element elementor-element-d2dd3ee elementor-widget elementor-widget-heading\" data-id=\"d2dd3ee\" data-element_type=\"widget\" data-e-type=\"widget\" data-widget_type=\"heading.default\">\n\t\t\t\t\t<h2 class=\"elementor-heading-title elementor-size-default\">Conferencias<\/h2>\t\t\t\t<\/div>\n\t\t\t\t\t<\/div>\n\t\t\t\t<\/div>\n\t\t<div class=\"elementor-element elementor-element-8e521ac e-flex e-con-boxed e-con e-parent\" data-id=\"8e521ac\" data-element_type=\"container\" data-e-type=\"container\">\n\t\t\t\t\t<div class=\"e-con-inner\">\n\t\t\t\t<div class=\"elementor-element elementor-element-9280d43 elementor-widget elementor-widget-text-editor\" data-id=\"9280d43\" data-element_type=\"widget\" data-e-type=\"widget\" data-widget_type=\"text-editor.default\">\n\t\t\t\t\t\t\t\t\t<p class=\"ds-markdown-paragraph\"><strong>2018 &#8211; Santa Marta, Colombia &#8211; XVI CONGRESO SPA INTERNACIONAL\u00a0<\/strong><br \/>Metales innovaci\u00f3n en la est\u00e9tica.<\/p><p class=\"ds-markdown-paragraph\"><strong>2018 &#8211; Santa Marta, Colombia &#8211; TERAPEUTA SPA, MASTER INTERNACIONAL\u00a0<\/strong><br \/>T\u00e9cnicas manuales con principios activos naturales.<\/p><p class=\"ds-markdown-paragraph\"><strong>2019 &#8211; Cartagena, Colombia\u00a0 &#8211; WORKSHOP CIENT\u00cdFICO: EST\u00c9TICA REGENERATIVA T\u00c9CNICAS MANUALES\u00a0\u00a0<\/strong><br \/>Metaloterapia y ventosas con activos naturales.<\/p><p class=\"ds-markdown-paragraph\"><strong>2019 &#8211; Santa Marta, Colombia &#8211; TERAPEUTA SPA, MASTER INTERNACIONAL\u00a0<\/strong><br \/>T\u00e9cnicas manuales con principios activos naturales en terap\u00e9utico.<\/p><p class=\"ds-markdown-paragraph\"><strong>2019 &#8211; Medell\u00edn Colombia &#8211; EXPO BELLEZA\u00a0\u00a0<\/strong><br \/>T\u00e9cnicas corporales no invasivas.<\/p><p class=\"ds-markdown-paragraph\"><strong>2019 &#8211; Santa Marta, Colombia &#8211; SPA INTERNACIONAL XVII CONGRESO\u00a0<\/strong><br \/>Conferencista workshop: Lo \u00faltimo en t\u00e9cnica para masajes corporales, cero desgastes, grandes resultados.<\/p><p class=\"ds-markdown-paragraph\"><strong>2019 &#8211; Santo Domingo, Rep\u00fablica Dominicana &#8211; CONGRESO LE ESTHETIC INTERNACIONAL\u00a0<\/strong><\/p><ol start=\"1\"><li><p class=\"ds-markdown-paragraph\">Sinergias entre verdaderos principios activos. Modernizaci\u00f3n de t\u00e9cnicas corporales.<\/p><\/li><li><p class=\"ds-markdown-paragraph\">Formulas con nanomol\u00e9culas y accesorios met\u00e1licos innovando en la est\u00e9tica corporal.<\/p><\/li><\/ol><p class=\"ds-markdown-paragraph\"><strong>2019 &#8211; Quito, Ecuador &#8211; BEAUTY INTERNACIONAL\u00a0<\/strong><br \/>F\u00f3rmulas con nanomol\u00e9culas y accesorios met\u00e1licos innovando en la est\u00e9tica.<\/p><p class=\"ds-markdown-paragraph\"><strong>2020 &#8211; M\u00e9xico, DF M\u00e9xico &#8211; EST\u00c9TICA \u2013ONLINE Semana Internacional\u00a0<\/strong><br \/>Antropometr\u00eda, la forma objetiva de valorar en est\u00e9tica.<\/p><p class=\"ds-markdown-paragraph\"><strong>2022 Guadalajara, M\u00e9rida, Canc\u00fan, M\u00e9xico &#8211; TOUR NACIONAL OCTUBRE MEXICO\u00a0\u00a0<\/strong><br \/>Cintura de Impacto.<\/p><p class=\"ds-markdown-paragraph\"><strong>2022 &#8211; Guayaquil, Azogues, Cuenca, Portoviejo, Machala, Ecuador &#8211; TOUR FIGURAS RED\u00a0<\/strong><br \/>Abordaje corporal completo con cremas inteligentes y Accesorios met\u00e1licos. Cintura de Impacto femenino y<br \/>marcaci\u00f3n abdominal Masculina.<\/p><p class=\"ds-markdown-paragraph\"><strong>2023 &#8211; Bucaramanga, Colombia &#8211; WIME 3er. Congreso de Est\u00e9tica, Belleza y Cosmetolog\u00eda\u00a0<\/strong><br \/>Workshop Uso de la Metaloterapia en Corporal.<\/p><p class=\"ds-markdown-paragraph\"><strong>2023 &#8211; becXperience MIAMI Expertos en Belleza. 8vo ENCUENTRO LATINOAMERICANO DE ESTETICA EN MIAMI<\/strong><br \/>Nanomol\u00e9culas en la est\u00e9tica corporal Miami, Florida 2 de abril 2023.<\/p><p class=\"ds-markdown-paragraph\"><strong>2023 &#8211; Medell\u00edn, Colombia 4ta. JORNADA DE COSMET\u00d3LOGIA: BODYSCULPTING. Polit\u00e9cnico Cian\u00e1co\u00a0<\/strong><br \/>Te\u00f3rico -pr\u00e1ctico Morfolog\u00eda del tejido adiposo y su resoluci\u00f3n con principios activos naturales y uso de accesorios<br \/>met\u00e1licos certificados Figuras Red.<\/p><p class=\"ds-markdown-paragraph\"><strong>2023 &#8211; M\u00e9xico &#8211; Congreso Latinoamericano de Spa World Trade Center\u00a0<br \/><\/strong>Nanomol\u00e9culas en cremas Inteligentes a la vanguardia con accesorios met\u00e1licos certificados Figuras Red.<\/p><p class=\"ds-markdown-paragraph\"><strong>2023 &#8211; Medell\u00edn, Colombia &#8211; Congreso de Cosmetolog\u00eda y Est\u00e9tica: Expo Belleza\u00a0<\/strong><br \/>Tipos de Tejido adiposo y su incidencia con los principios activos naturales.<\/p><p class=\"ds-markdown-paragraph\"><strong>2023 &#8211; Bogot\u00e1, Colombia &#8211; BEAUTY &amp; SPA CONGRESS. Belleza y Salud\u00a0<\/strong><br \/>Morfolog\u00eda del tejido adiposo: incidencia y resoluci\u00f3n en la cabina est\u00e9tica.<\/p><p class=\"ds-markdown-paragraph\"><strong>2023 &#8211; TOUR FIGURAS RED ECUADOR\u00a0 Guayaquil, Cuenca, Porto viejo, Ibarra, Quevedo, Ecuador<\/strong><br \/>Postoperatorio est\u00e9tico y su abordaje con principios activos y Metaloterapia y Principios Activos y Propiedades de los<br \/>metales.<\/p><p class=\"ds-markdown-paragraph\"><strong>2024 &#8211; WIME 4to Congreso de Estetica, Belleza y Cosmetolog\u00eda\u00a0<\/strong><br \/>Descubriendo los nuevos horizontes del masaje, con Metaloterapia Facial y Corporal con Cremas Inteligentes.<\/p><p class=\"ds-markdown-paragraph\"><strong>2024 &#8211; Mexico &#8211; Congreso Latinoamericano de Spa World Trade Center mayo 23, 24 y 25. Invitada como Conferencista :<\/strong><br \/>Antropometr\u00eda, valoraci\u00f3n objetiva en la Est\u00e9tica.<\/p><p class=\"ds-markdown-paragraph\"><strong>2024 &#8211; Buenos Aires, Argentina &#8211; Congreso de Est\u00e9tica y Medicina Bioregenerativa\u00a0<br \/><\/strong>Principios activos naturales libres de parabenos con Metaloterapia Facial y Corporal Figuras red.<\/p><p class=\"ds-markdown-paragraph\"><strong>2024 &#8211; Mexico &#8211; Congreso Latinoamericano de Spa. World Trade Center\u00a0\u00a0<\/strong><br \/>Antropometr\u00eda, valoraci\u00f3n objetiva en la Est\u00e9tica.<\/p><p class=\"ds-markdown-paragraph\"><strong>2024 &#8211; Barranquilla, Colombia &#8211; IX ENCUENTRO DE COSMET\u00d3LOGAS ACTIVAS COLOMBIANAS\u00a0<\/strong><br \/>Tecnolog\u00eda en electroest\u00e9tica avanzada.<\/p><p class=\"ds-markdown-paragraph\"><strong>2025 &#8211; Barcelona, Espa\u00f1a &#8211; Congreso Cosmo Expo Beauty\u00a0<\/strong><br \/>&#8220;Maestr\u00eda en Marcaci\u00f3n Masculina: Metaloterapia y Cremas Premium.<br \/>Descubre las t\u00e9cnicas m\u00e1s avanzadas para definir tu cintura y esculpir tu cuerpo.\u201d<\/p><p class=\"ds-markdown-paragraph\"><strong>2025 &#8211; M\u00e9xico &#8211; Congreso Latinoamericano de Spa\u00a0<\/strong><br \/>Cortisol: Enemigo n\u00famero uno de los tratamientos est\u00e9ticos Corporales.<\/p><p class=\"ds-markdown-paragraph\"><strong>2025 &#8211; Asunci\u00f3n, Paraguay &#8211; Expo Congreso Internacional ESTHETIC GLOW 4TA EDICI\u00d3N\u00a0<\/strong><br \/>Revelando la armon\u00eda Facial: Claves anat\u00f3micas para un rostro perfecto.<\/p><p class=\"ds-markdown-paragraph\"><strong>2025 &#8211; Caracas, Venezuela &#8211; INNOVA 360\u00a0<\/strong><br \/>Volar despu\u00e9s del quir\u00f3fano, la ciencia de las nanomol\u00e9culas al rescate del postoperatorio.<br \/>Capacitaci\u00f3n te\u00f3rico-pr\u00e1ctica:<\/p><ol start=\"1\"><li><p class=\"ds-markdown-paragraph\">SIX PACK FULL BODY: Marcaci\u00f3n abdominal masculina y femenina con metaloterapia Figuras Red.<\/p><\/li><li><p class=\"ds-markdown-paragraph\">Gl\u00fateos perfectos sin cirug\u00eda: T\u00e9cnica kryo sin m\u00e9todos invasivos.<\/p><\/li><li><p class=\"ds-markdown-paragraph\">BIOENERGY TOUCH: Masaje Wellness con metaloterapia y activos naturales libres de parabenos.<\/p><\/li><li><p class=\"ds-markdown-paragraph\">Alivio y rendimiento: Masaje deportivo con metaloterapia y cosm\u00e9tica consciente.<\/p><\/li><\/ol>\t\t\t\t\t\t\t\t<\/div>\n\t\t\t\t\t<\/div>\n\t\t\t\t<\/div>\n\t\t\t\t<\/div>\n\t\t","protected":false},"excerpt":{"rendered":"<p>Conferencias 2018 &#8211; Santa Marta, Colombia &#8211; XVI CONGRESO SPA INTERNACIONAL\u00a0Metales innovaci\u00f3n en la est\u00e9tica. 2018 &#8211; Santa Marta, Colombia &#8211; TERAPEUTA SPA, MASTER INTERNACIONAL\u00a0T\u00e9cnicas manuales con principios activos naturales. 2019 &#8211; Cartagena, Colombia\u00a0 &#8211; WORKSHOP CIENT\u00cdFICO: EST\u00c9TICA REGENERATIVA T\u00c9CNICAS MANUALES\u00a0\u00a0Metaloterapia y ventosas con activos naturales. 2019 &#8211; Santa Marta, Colombia &#8211; TERAPEUTA SPA, MASTER [&hellip;]<\/p>\n","protected":false},"author":2,"featured_media":0,"parent":0,"menu_order":0,"comment_status":"closed","ping_status":"closed","template":"elementor_header_footer","meta":{"nf_dc_page":"","om_disable_all_campaigns":false,"_monsterinsights_skip_tracking":false,"_monsterinsights_sitenote_active":false,"_monsterinsights_sitenote_note":"","_monsterinsights_sitenote_category":0,"footnotes":""},"class_list":["post-14","page","type-page","status-publish","hentry"],"yoast_head":"<!-- This site is optimized with the Yoast SEO plugin v27.4 - https:\/\/yoast.com\/product\/yoast-seo-wordpress\/ -->\n<title>Conferencias - Maria Isabel Martinez Speaker<\/title>\n<meta name=\"robots\" content=\"index, follow, max-snippet:-1, max-image-preview:large, max-video-preview:-1\" \/>\n<link rel=\"canonical\" href=\"https:\/\/hathorisisdistributor.com\/mariaisabelmartinezspeaker\/conferencias\/\" \/>\n<meta property=\"og:locale\" content=\"en_US\" \/>\n<meta property=\"og:type\" content=\"article\" \/>\n<meta property=\"og:title\" content=\"Conferencias - Maria Isabel Martinez Speaker\" \/>\n<meta property=\"og:description\" content=\"Conferencias 2018 &#8211; Santa Marta, Colombia &#8211; XVI CONGRESO SPA INTERNACIONAL\u00a0Metales innovaci\u00f3n en la est\u00e9tica. 2018 &#8211; Santa Marta, Colombia &#8211; TERAPEUTA SPA, MASTER INTERNACIONAL\u00a0T\u00e9cnicas manuales con principios activos naturales. 2019 &#8211; Cartagena, Colombia\u00a0 &#8211; WORKSHOP CIENT\u00cdFICO: EST\u00c9TICA REGENERATIVA T\u00c9CNICAS MANUALES\u00a0\u00a0Metaloterapia y ventosas con activos naturales. 2019 &#8211; Santa Marta, Colombia &#8211; TERAPEUTA SPA, MASTER [&hellip;]\" \/>\n<meta property=\"og:url\" content=\"https:\/\/hathorisisdistributor.com\/mariaisabelmartinezspeaker\/conferencias\/\" \/>\n<meta property=\"og:site_name\" content=\"Maria Isabel Martinez Speaker\" \/>\n<meta property=\"article:modified_time\" content=\"2026-03-16T14:23:20+00:00\" \/>\n<meta name=\"twitter:card\" content=\"summary_large_image\" \/>\n<meta name=\"twitter:label1\" content=\"Est. reading time\" \/>\n\t<meta name=\"twitter:data1\" content=\"3 minutes\" \/>\n<script type=\"application\/ld+json\" class=\"yoast-schema-graph\">{\"@context\":\"https:\\\/\\\/schema.org\",\"@graph\":[{\"@type\":\"WebPage\",\"@id\":\"https:\\\/\\\/hathorisisdistributor.com\\\/mariaisabelmartinezspeaker\\\/conferencias\\\/\",\"url\":\"https:\\\/\\\/hathorisisdistributor.com\\\/mariaisabelmartinezspeaker\\\/conferencias\\\/\",\"name\":\"Conferencias - Maria Isabel Martinez Speaker\",\"isPartOf\":{\"@id\":\"https:\\\/\\\/hathorisisdistributor.com\\\/mariaisabelmartinezspeaker\\\/#website\"},\"datePublished\":\"2025-11-11T21:25:03+00:00\",\"dateModified\":\"2026-03-16T14:23:20+00:00\",\"breadcrumb\":{\"@id\":\"https:\\\/\\\/hathorisisdistributor.com\\\/mariaisabelmartinezspeaker\\\/conferencias\\\/#breadcrumb\"},\"inLanguage\":\"en-US\",\"potentialAction\":[{\"@type\":\"ReadAction\",\"target\":[\"https:\\\/\\\/hathorisisdistributor.com\\\/mariaisabelmartinezspeaker\\\/conferencias\\\/\"]}]},{\"@type\":\"BreadcrumbList\",\"@id\":\"https:\\\/\\\/hathorisisdistributor.com\\\/mariaisabelmartinezspeaker\\\/conferencias\\\/#breadcrumb\",\"itemListElement\":[{\"@type\":\"ListItem\",\"position\":1,\"name\":\"Home\",\"item\":\"https:\\\/\\\/hathorisisdistributor.com\\\/mariaisabelmartinezspeaker\\\/\"},{\"@type\":\"ListItem\",\"position\":2,\"name\":\"Conferencias\"}]},{\"@type\":\"WebSite\",\"@id\":\"https:\\\/\\\/hathorisisdistributor.com\\\/mariaisabelmartinezspeaker\\\/#website\",\"url\":\"https:\\\/\\\/hathorisisdistributor.com\\\/mariaisabelmartinezspeaker\\\/\",\"name\":\"Maria Isabel Martinez Speaker\",\"description\":\"\",\"potentialAction\":[{\"@type\":\"SearchAction\",\"target\":{\"@type\":\"EntryPoint\",\"urlTemplate\":\"https:\\\/\\\/hathorisisdistributor.com\\\/mariaisabelmartinezspeaker\\\/?s={search_term_string}\"},\"query-input\":{\"@type\":\"PropertyValueSpecification\",\"valueRequired\":true,\"valueName\":\"search_term_string\"}}],\"inLanguage\":\"en-US\"}]}<\/script>\n<!-- \/ Yoast SEO plugin. -->","yoast_head_json":{"title":"Conferencias - Maria Isabel Martinez Speaker","robots":{"index":"index","follow":"follow","max-snippet":"max-snippet:-1","max-image-preview":"max-image-preview:large","max-video-preview":"max-video-preview:-1"},"canonical":"https:\/\/hathorisisdistributor.com\/mariaisabelmartinezspeaker\/conferencias\/","og_locale":"en_US","og_type":"article","og_title":"Conferencias - Maria Isabel Martinez Speaker","og_description":"Conferencias 2018 &#8211; Santa Marta, Colombia &#8211; XVI CONGRESO SPA INTERNACIONAL\u00a0Metales innovaci\u00f3n en la est\u00e9tica. 2018 &#8211; Santa Marta, Colombia &#8211; TERAPEUTA SPA, MASTER INTERNACIONAL\u00a0T\u00e9cnicas manuales con principios activos naturales. 2019 &#8211; Cartagena, Colombia\u00a0 &#8211; WORKSHOP CIENT\u00cdFICO: EST\u00c9TICA REGENERATIVA T\u00c9CNICAS MANUALES\u00a0\u00a0Metaloterapia y ventosas con activos naturales. 2019 &#8211; Santa Marta, Colombia &#8211; TERAPEUTA SPA, MASTER [&hellip;]","og_url":"https:\/\/hathorisisdistributor.com\/mariaisabelmartinezspeaker\/conferencias\/","og_site_name":"Maria Isabel Martinez Speaker","article_modified_time":"2026-03-16T14:23:20+00:00","twitter_card":"summary_large_image","twitter_misc":{"Est. reading time":"3 minutes"},"schema":{"@context":"https:\/\/schema.org","@graph":[{"@type":"WebPage","@id":"https:\/\/hathorisisdistributor.com\/mariaisabelmartinezspeaker\/conferencias\/","url":"https:\/\/hathorisisdistributor.com\/mariaisabelmartinezspeaker\/conferencias\/","name":"Conferencias - Maria Isabel Martinez Speaker","isPartOf":{"@id":"https:\/\/hathorisisdistributor.com\/mariaisabelmartinezspeaker\/#website"},"datePublished":"2025-11-11T21:25:03+00:00","dateModified":"2026-03-16T14:23:20+00:00","breadcrumb":{"@id":"https:\/\/hathorisisdistributor.com\/mariaisabelmartinezspeaker\/conferencias\/#breadcrumb"},"inLanguage":"en-US","potentialAction":[{"@type":"ReadAction","target":["https:\/\/hathorisisdistributor.com\/mariaisabelmartinezspeaker\/conferencias\/"]}]},{"@type":"BreadcrumbList","@id":"https:\/\/hathorisisdistributor.com\/mariaisabelmartinezspeaker\/conferencias\/#breadcrumb","itemListElement":[{"@type":"ListItem","position":1,"name":"Home","item":"https:\/\/hathorisisdistributor.com\/mariaisabelmartinezspeaker\/"},{"@type":"ListItem","position":2,"name":"Conferencias"}]},{"@type":"WebSite","@id":"https:\/\/hathorisisdistributor.com\/mariaisabelmartinezspeaker\/#website","url":"https:\/\/hathorisisdistributor.com\/mariaisabelmartinezspeaker\/","name":"Maria Isabel Martinez Speaker","description":"","potentialAction":[{"@type":"SearchAction","target":{"@type":"EntryPoint","urlTemplate":"https:\/\/hathorisisdistributor.com\/mariaisabelmartinezspeaker\/?s={search_term_string}"},"query-input":{"@type":"PropertyValueSpecification","valueRequired":true,"valueName":"search_term_string"}}],"inLanguage":"en-US"}]}},"jetpack_sharing_enabled":true,"_links":{"self":[{"href":"https:\/\/hathorisisdistributor.com\/mariaisabelmartinezspeaker\/wp-json\/wp\/v2\/pages\/14","targetHints":{"allow":["GET"]}}],"collection":[{"href":"https:\/\/hathorisisdistributor.com\/mariaisabelmartinezspeaker\/wp-json\/wp\/v2\/pages"}],"about":[{"href":"https:\/\/hathorisisdistributor.com\/mariaisabelmartinezspeaker\/wp-json\/wp\/v2\/types\/page"}],"author":[{"embeddable":true,"href":"https:\/\/hathorisisdistributor.com\/mariaisabelmartinezspeaker\/wp-json\/wp\/v2\/users\/2"}],"replies":[{"embeddable":true,"href":"https:\/\/hathorisisdistributor.com\/mariaisabelmartinezspeaker\/wp-json\/wp\/v2\/comments?post=14"}],"version-history":[{"count":18,"href":"https:\/\/hathorisisdistributor.com\/mariaisabelmartinezspeaker\/wp-json\/wp\/v2\/pages\/14\/revisions"}],"predecessor-version":[{"id":241,"href":"https:\/\/hathorisisdistributor.com\/mariaisabelmartinezspeaker\/wp-json\/wp\/v2\/pages\/14\/revisions\/241"}],"wp:attachment":[{"href":"https:\/\/hathorisisdistributor.com\/mariaisabelmartinezspeaker\/wp-json\/wp\/v2\/media?parent=14"}],"curies":[{"name":"wp","href":"https:\/\/api.w.org\/{rel}","templated":true}]}}